e the prime factors of z(-8)?
2, 31
Let m(x) = -285*x + 2904. List the prime factors of m(-34).
2, 3, 2099
Let c be ((-1)/1 - -1)/(4 - 2). Let b be 8/(-6)*(-45)/30. What are the prime factors of (2 + c)*(103/b + -3)?
97
Let j be 9/(2/8 - (-15)/12). What are the prime factors of ((-148)/(-2))/(3/j)?
2, 37
Let f(q) = -11*q + q**2 + 10*q + 0*q**2 + 1. Let z be f(-8). Let t = z - 41. What are the prime factors of t?
2
Suppose 5 + 1 = 3*n. Suppose 5 = -n*v + 3. What are the prime factors of (0 + 13)/((-18)/(-15) + v)?
5, 13
What are the prime factors of (16/(-112))/(-8 - (-14404595)/1800575)?
5, 10289
Let b(g) = -70*g**3 + 30*g**2 - 6*g - 24. What are the prime factors of b(-5)?
2, 7, 97
Let c be (-1962)/(-1)*(-2 - 21/(-9)). Let m = -642 + c. List the prime factors of m.
2, 3
Let i(o) = -o - 1. Let j = -25 + 21. Let m be i(j). Suppose -3*w = -4*w + 5, -m*u + 5*w = -254. List the prime factors of u.
3, 31
What are the prime factors of 290/4*((-36)/40)/((-3)/168)?
2, 3, 7, 29
Let t be (7/28*0)/(-1). Suppose t = -4*k + 6*k, 2*k + 3789 = 3*p. List the prime factors of p.
3, 421
Let q = 24298 + -14232. What are the prime factors of q?
2, 7, 719
Let m(k) = k**3 - 4*k**2 - 21*k - 11. Let s be m(7). What are the prime factors of 68/(-14) + s/77 + 1017?
2, 11, 23
Let v = 26152 + -15763. What are the prime factors of v?
3, 3463
Let c = 1458 + -175. Suppose q - 3*q + c = -3*h, 5*q - h - 3227 = 0. What are the prime factors of q?
2, 17, 19
What are the prime factors of (10392/(-20))/(((-96)/640)/((-2)/(-4)))?
2, 433
Suppose 81 - 17 = 8*v. Suppose x = v*x - 42. Suppose t + 0 = x. List the prime factors of t.
2, 3
Suppose -2*o + 2*b = -6750, -2*o + 1795 + 4952 = -5*b. What are the prime factors of o?
2, 211
Suppose 119 = 12*s + 95. Suppose 0 = c - 4*f - 989, 2*c - s*f + 1019 = 3*c. What are the prime factors of c?
1009
Suppose 5*a - 103 = 102. Suppose 2*t - 2131 = -a. Suppose -5*x = -5*h + t, 382 = 4*h + x - 429. List the prime factors of h.
2, 3, 17
Suppose -3*l = 5*g - 60363, 3*l + 12067 = g + 5*l. List the prime factors of g.
3, 5, 7, 23
Let j(c) = c**3 + 12*c**2 + 10*c - 43. Let u be j(-10). Suppose 221 + 6 = 4*n - p, -p + 53 = n. Suppose u*x - n*x - 186 = 0. List the prime factors of x.
2, 3, 31
Suppose 2*d + 2*u - 20 = 0, u = -13 + 9. Let p(g) = -g**3 + 14*g**2 + 13*g + 45. List the prime factors of p(d).
227
Let b(y) = 13*y**2 + y - 3. Let l = 2 + 28. Suppose -11*i = -l - 14. What are the prime factors of b(i)?
11, 19
Let a be -2 + (2/4 - 318/(-12)). Suppose -a + 23 = -t. Suppose n - 1021 = -5*r, t*n + 0*n + 1018 = 5*r. What are the prime factors of r?
2, 3, 17
Suppose -34*v - 2 = -35*v. Let d be 12/((-2)/82*v)*1. Let f = -96 - d. What are the prime factors of f?
2, 3, 5
Let m(d) = 361*d - 2103. List the prime factors of m(47).
2, 929
Suppose 2*p + 8 = 0, -5*p + 3 = 5*k - 2*p. Suppose 5*n - 2*i = 2477, k*i - 668 = -4*n + 1332. What are the prime factors of n?
7, 71
Suppose 8604 = 2227*l - 2215*l. Let p = 14 + -9. Suppose 545 = p*t - 3*m - 360, -m = -4*t + l. List the prime factors of t.
2, 89
Suppose -b + 72 = -50. Let y be 210/(-24) + 8 + (-19)/(-4). Suppose -b = y*u - 5*u. List the prime factors of u.
2, 61
What are the prime factors of (-4576730)/(-70) + 24/168?
2, 3, 17, 641
Let f(w) be the third derivative of 13*w**5/20 - w**4/24 - w**3/6 + 2*w**2. Let g be f(2). Let k = -72 + g. What are the prime factors of k?
3
Suppose -q + 5*m + 12 = 0, 4*m + m = -2*q + 9. Suppose -q*u + 96 = -3*u. Suppose 0 = u*t - 19*t - 495. List the prime factors of t.
3, 11
Let r(k) = 2*k**3 - 46*k**2 - 25*k - 309. What are the prime factors of r(28)?
3, 11, 23
Let c(i) = i**3 + 55*i**2 - 96*i + 23. List the prime factors of c(-56).
31, 73
Suppose 5*a - 114318 = -3*v, 0 = -3*a + 4*a - 4*v - 22882. List the prime factors of a.
2, 3, 37, 103
Suppose -4*m + 21*o = 16*o - 23790, -2*m + 11880 = -5*o. List the prime factors of m.
3, 5, 397
Let m(d) = 10*d**2 - 66*d - 349. List the prime factors of m(48).
7, 2789
Let o(n) = n**2 - 2*n - 7. Let q be ((-28)/21)/((-8)/78). Let h be o(q). Let r = h + 37. What are the prime factors of r?
173
Let o(c) = -2*c**2 - 20 + 4*c + 7*c + 10*c - 2. Let q be o(9). Suppose 9*l = q*l + 92. List the prime factors of l.
23
Let r be -3 + 3*(-56)/(-24). List the prime factors of 810 - ((4 - (-2 + r)) + -2).
2, 3, 5
Let l(z) be the third derivative of 11*z**4/8 - z**3/6 - 20*z**2. Let g be l(1). What are the prime factors of g*9/3*2/3?
2
Suppose 5*u + 151 = 106. Let l(b) = -67*b - 212. What are the prime factors of l(u)?
17, 23
Suppose -6*q = -2*q - 12. Suppose -4*c = 0, -3*c + 6 = q*v - 3. Suppose -v*s = -10*s + 707. List the prime factors of s.
101
Let m be 7 - (-12 - -18) - (-1 - 2). Suppose 2*u + 2758 = 3*v, 0 = 6*u - m*u + 4. List the prime factors of v.
2, 3, 17
Let m(y) = 419*y**2 - 264*y + 2158. What are the prime factors of m(9)?
33721
Let j be 330/(-4)*(-24 + 22). Suppose -j = -3*u + 207. What are the prime factors of (u/2)/(3/3)?
2, 31
Suppose 5*g = 2*z - 11, -8 - 4 = -2*z + 4*g. Let c(h) = -5*h - z*h + 2 - 9*h - 5. List the prime factors of c(-4).
5, 17
Suppose -4*h + 5*q - 26 = 0, -3*h = -4*h + 2*q - 8. Let c(a) = -166*a + 10. Let r be c(h). Suppose 6*g - 748 = r. What are the prime factors of g?
3, 79
Let u be 0/(-7) - (0/(-2))/(-1). Suppose u = 5*k - 702 - 833. What are the prime factors of k?
307
Suppose 10*d = 15*d + 5*y - 15, y = -4. Let m(f) = 9*f**2 - 12*f - 25. List the prime factors of m(d).
2, 83
Let z(k) = 5*k - 702. Let p(o) = 2*o - 351. Let a(v) = -13*p(v) + 6*z(v). List the prime factors of a(0).
3, 13
Let r(n) = 13*n**2 + 1. Let h be r(1). Suppose -h*t = -10*t - 12. What are the prime factors of (-60)/(1*(t - (1 - -3)))?
2, 3, 5
Let w = 168 - 163. Suppose 3*t - 596 = -2*u, u + 3*t + 1156 = w*u. What are the prime factors of u?
2, 73
Let y(w) = 19*w**2 - 80*w - 9. What are the prime factors of y(6)?
3, 5, 13
Suppose 14250 = -41*g + 46*g. Suppose g = -63*h + 68*h. What are the prime factors of h?
2, 3, 5, 19
Let j(o) = -2*o**2 + 19*o - 37. Let s be j(4). Suppose v + g = 494, -2*v - s*g = -8*g - 1003. List the prime factors of v.
499
Suppose 19*x - 16*x = 45. Suppose y - 2*q - x = 0, -45 = -2*y - y + q. Let t = y + 27. What are the prime factors of t?
2, 3, 7
Let c(l) = -l**3 - 6*l**2 + 2*l + 7. Let g be c(-6). Let x(q) = 7*q**2 + 13*q + 30. Let j be x(-9). List the prime factors of 2/((g/j)/(1/(-2))).
2, 3
Let n = 4062 - -9272. List the prime factors of n.
2, 59, 113
Let n(l) = -l**3 + 38*l**2 + 170*l - 83. What are the prime factors of n(41)?
2, 461
Suppose -m + 3*m = 0. Suppose -6*l - 320 - 652 = m. Let o = l - -237. What are the prime factors of o?
3, 5
Let g(y) = -116*y - 7. Let f be g(-2). Let c = 398 - f. What are the prime factors of c?
173
Let c = 1849 - -960. Let t be 1*(-1 - -14) - 0. Suppose t*a = 194 + c. What are the prime factors of a?
3, 7, 11
Let p(b) = 422*b + 132. Let q be p(3). Let f = -807 + q. List the prime factors of f.
3, 197
Let l(t) = 433*t - 209. List the prime factors of l(27).
2, 5741
List the prime factors of (-1011696)/(-21) + (14 - 14).
2, 3011
Let q be (-3 - 1)*-1 + -7. What are the prime factors of -2 + 212 + (-4 - (-2 - q))?
5, 41
Let d(s) = -s**3 - 12*s**2 - 32*s - 15. Let p be d(-9). Let i(h) = -h**3 + 33*h**2 - 57*h + 38. List the prime factors of i(p).
2, 257
Let x = 242 + -214. Let t = 427 - x. List the prime factors of t.
3, 7, 19
Suppose 159*z = 162*z - 9. Suppose y + 4*t - 920 = 9*t, -3*t = z*y - 2760. What are the prime factors of y?
2, 5, 23
List the prime factors of 5299 + (5/(5/3))/(-19 - -22).
2, 5, 53
Suppose -2*r + 0*r = -4. Suppose 7*w - 2445 = r*w. Suppose 51 = 5*s - w. List the prime factors of s.
2, 3
Suppose 0 = -4*l + 202881 - 49509. What are the prime factors of l?
3, 12781
Let z be ((-8)/3)/((-1)/3). Let v be 1254/24 + (-2)/z. Suppose -4*f = -2*f - v. List the prime factors of f.
2, 13
Let s(y) = -31*y - 8. Let h be s(16). Let x = h + 939. List the prime factors of x.
3, 5, 29
Let s be (8882/4 - -1) + 31/(-62). Suppose 3*z + 313 = s. List the prime factors of z.
2, 3, 53
What are the prime factors of (10/(-15))/(-1*5/21150)?
2, 3, 5, 47
Let f = -24 - -18. Let n be ((-10)/(-6))/(f/36). What are the prime factors of 29*(-15)/n*2?
3, 29
Suppose 7*v + 979 = 2*t + 2*v, 98